hat is the thousands digit of ((-507)/(-57) - 9) + (-38496)/(-19)?
2
Suppose 12*u - 17*u = 190. Let k = -21 - u. Suppose -5*z = -2*g + 3*g - 21, 5*g - k = -3*z. What is the units digit of z?
4
Let a(o) = -o**3 + 4*o + 3. Let w be a(-2). Suppose 315 = -w*c + 8*c. What is the units digit of c?
3
Let g(t) be the second derivative of t**3/6 + 7*t**2/2 + 18*t. Let s be (5/3)/(1/3). What is the units digit of g(s)?
2
Let v(c) = c**3 - 5*c**2 + 2*c + 4. Let w be v(5). Let o = w + 0. Suppose 0 = 5*l - o - 6. What is the units digit of l?
4
Let f(o) = 9*o**2 - 11*o + 6. What is the tens digit of f(4)?
0
Let n(b) = -3*b**2 + 4*b - 3. Let w = 16 - 14. Let g be n(w). Let l(z) = -4*z + 6. What is the tens digit of l(g)?
3
Let u(p) = -3*p**3 - 4*p**2. Let w(r) = -3*r**3 - 3*r**2. Let c(g) = 2*u(g) - 3*w(g). Let f be c(-1). What is the units digit of (1 + f)*(-28)/1?
8
Let j(r) = -r**3 - 13*r**2 - 10*r + 29. Let y be j(-12). What is the tens digit of (-207)/((-24)/4 + y)?
0
Let q(o) = -3*o**3 + 9*o**2 + 4*o - 3. What is the units digit of q(-6)?
5
Suppose 2*g - 12 = -3*o, -2*g + g + o + 1 = 0. Let h = -6 - -13. Suppose g*y - 19 = -h. What is the units digit of y?
4
Let m = 2522 - -974. What is the tens digit of m?
9
Let x(o) = o + 10. Let m be x(-10). Suppose -b + 4 = -m. What is the units digit of 33 + (2 + -2)/b?
3
What is the tens digit of 8/(-20) + (-5 - 18648/(-20))?
2
Suppose c - 8 = 4*i, 0*c - 2*c = 2*i - 6. What is the units digit of 22/c*(11 - 3)?
4
Suppose -34*z - 7893 = -43*z. What is the units digit of z?
7
Let d(v) = -v + 23. Let t be d(18). Let k(h) = -t + h + 10 - 1. What is the units digit of k(-2)?
2
Let h(u) = -6*u**3 - 2*u**2 + u + 4. Let q be 0*3/9 + -2. What is the tens digit of h(q)?
4
Let w(b) = -b**3 - 9*b**2 - b - 5. Let l be w(-9). Suppose -l*s + 5 = -99. What is the tens digit of s?
2
Suppose -126 = -3*h - 0*h. Let w = 42 + h. What is the tens digit of w?
8
Let y = 3562 - 1956. What is the hundreds digit of y?
6
Suppose 0 = 422*m - 417*m - 14340. What is the thousands digit of m?
2
Let r be 12/5 - 4/10. Suppose v - 2*v + r*a - 23 = 0, v + 5*a + 2 = 0. Let j = v + 44. What is the units digit of j?
7
Suppose -19*s + 2885 = -14*s. Let p = -279 + s. What is the units digit of p?
8
Suppose -3*d + 157 = 52. Suppose d + 129 = 3*g + 4*z, 4*g = 2*z + 182. What is the tens digit of g?
4
Let s(u) = u**3 + 4*u**2 - 2*u - 2. Let t be s(-2). Suppose 0 = -5*z + 6*z - t. What is the tens digit of 4/z + (-126)/(-10)?
1
Let p be (-1 + 3)*3/((-15)/(-310)). Let v = 336 - p. What is the units digit of v?
2
Let b be (3 - 22)*(2 + -1). Let p = b - -30. What is the tens digit of p?
1
What is the tens digit of 1*(0 + 1 + (823 - -2))?
2
Let v(f) = 8*f + 28. Let h be v(-4). What is the tens digit of 121 - 2/h*-6?
1
Let h = 8 + -12. Let k = h - -6. Let t(c) = 3*c**2 - 2*c + 4. What is the units digit of t(k)?
2
Let x(k) = -8*k - 4. Let u be 52/(-9) - (-16)/(-72). What is the units digit of x(u)?
4
Suppose 59*d = 63*d + 12. What is the units digit of (62/(-10) - d)*-5?
6
Let i = -26 - -128. What is the hundreds digit of i?
1
Let g(v) = -v**2 + 14*v. Suppose 2*b - 10 - 2 = 0. What is the units digit of g(b)?
8
Let i(y) = -y**3 - 11*y**2 + 11*y - 9. Let r be i(-12). Suppose 5*s = -5*m - 100, r*m + 0*m = -9. What is the units digit of (1 - 16/4)*s?
1
Suppose -m + 3*n = 15, 2*m + 0*n + 8 = -5*n. What is the units digit of ((-124)/(-6))/((-3)/m)?
2
Suppose 5*l - 32349 = 4*x - 11468, -2*l = -5*x - 8349. What is the thousands digit of l?
4
What is the hundreds digit of (-2)/(-2)*(2480 + -12 - -15)?
4
Suppose 5*n - 223 = 97. Suppose n = 3*u - 224. What is the tens digit of u?
9
Let j = 93 + -96. What is the tens digit of 2547/36 - (j/4)/3?
7
Suppose -6*t + 3*t = 2*w - 510, 5*w - 340 = -2*t. What is the units digit of t?
0
Suppose -5*y - a = 148, 6*y + 34 = 5*y + 2*a. Let d = y - -47. What is the tens digit of d?
1
Let a(h) = 22*h**3 + 8*h**2 - 13*h + 3. What is the thousands digit of a(4)?
1
Let f(y) = -88*y + 221. What is the hundreds digit of f(-44)?
0
Let p = 37 + 1. Let j = 74 - p. What is the units digit of j?
6
Let w(v) = 29*v + 399. What is the tens digit of w(36)?
4
Suppose 732 = 426*j - 422*j. What is the hundreds digit of j?
1
Let l be (-3)/(-2)*(-1)/((-6)/144). Let y(v) = 20*v**3 - v. Let c be y(-1). Let j = l + c. What is the tens digit of j?
1
Suppose w = -u + 297, -2*u = -3*w + 2*w - 597. What is the units digit of u?
8
Let c = 50 + 1849. What is the thousands digit of c?
1
Suppose -4*r = 12, -w + 4*r + 17 = -0*r. Let o(b) = 2*b**3 - 9*b**2 + 11*b - 17. What is the tens digit of o(w)?
6
Let z = 17 - 27. Let i = 13 + z. Suppose 7 = 5*o - i. What is the units digit of o?
2
Let p(g) = -g**3 - 6*g**2 + 4*g - 6. Let j be p(-6). Let o = j + 40. Suppose -5*l = -o - 75. What is the units digit of l?
7
Let t(c) = 2*c**2 - 9*c + 9. Let m be t(12). Suppose -m = 21*v - 24*v. What is the tens digit of v?
6
Let r(v) = -16*v - 23 - 3*v + 31. What is the tens digit of r(-3)?
6
Let b(o) be the third derivative of o**5/30 - 5*o**4/4 + 4*o**3/3 - 26*o**2. What is the units digit of b(15)?
8
Let r = 7379 - 3793. What is the units digit of r?
6
Let s(p) = -37*p + 206. What is the hundreds digit of s(-14)?
7
Suppose 4*d = -2*i - 62, -80 = 5*d - 3*i + 6*i. Let n = d + 9. What is the units digit of 1 + n + 0 - -22?
9
Let s be 6/(-8) + 190/8. Let u = 35 + s. Let p = u + -32. What is the units digit of p?
6
Suppose -3*z + 12 = -6. Suppose 2*x + 19 = 5*j, -z*x + 2*x + 3*j = 3. Suppose 5*a - 233 = -y, -x*y = y - 12. What is the tens digit of a?
4
Let f(x) = -x - 6. Let r be f(-6). Suppose r*z + 20 = 4*z. Suppose 5*i + z*y - 97 = 8, -3*y = 2*i - 47. What is the tens digit of i?
1
Let r(y) = 18*y + 6. Let g(x) = -18*x - 5. Let f(z) = 5*g(z) + 4*r(z). What is the hundreds digit of f(-9)?
1
Let i(j) = 3*j**2 - 18*j - 25. Let f(r) = -r**2 - r + 1. Let w(x) = -2*f(x) - i(x). What is the units digit of w(20)?
3
Let w(h) = 38*h**3 - 6*h**2 + 16*h - 44. What is the units digit of w(4)?
6
Let r(t) = t**3 + 6*t**2 - 11*t - 10. Let u be r(-7). Suppose u = 2*y - 0*y. Let l = 32 + y. What is the units digit of l?
1
Suppose -6*m + 4 = -2*m. Let l(a) = 62*a**2 + a. What is the tens digit of l(m)?
6
Let o be 2 + (-1 - (-12)/4). Suppose 4*j = -o*j + 2208. What is the units digit of j?
6
Let b = -1 + 5. Let o be 0 + (0 - (-12)/b). Suppose o*u = -u + 96. What is the tens digit of u?
2
Let b = 85 - 54. Suppose 5*a - b = -6. What is the units digit of a?
5
Let m(h) be the second derivative of h**6/120 - 5*h**4/12 - 5*h. Let b(y) be the third derivative of m(y). What is the units digit of b(1)?
6
Let z(m) = -m**3 - 3*m**2 + 6*m + 3. Let t be z(-5). Suppose 40 = -y + t. Let q = -13 - y. What is the units digit of q?
4
Suppose 50*p = 28*p + 20196. What is the tens digit of p?
1
Let f = 213 - 251. Suppose -6 = -4*o + 6, -2*j = -4*o + 58. Let k = j - f. What is the units digit of k?
5
Let r = -42 + 48. Suppose 0 = 5*w - 9 - r, -4*x - 5*w = -115. What is the tens digit of x?
2
Let u be (4/(-3))/((-4)/(-48)). What is the units digit of 590/15 - u/(-12)?
8
Suppose 0 = -7*z + 2*z + 10. Let j(y) = 3*y**2 + y**3 + 0*y**3 + 3 + z*y**2 - 7*y + 0. What is the units digit of j(-6)?
9
What is the thousands digit of (-2)/(-7) - (-4733820)/1274?
3
Let t = -1225 + 1975. What is the hundreds digit of t?
7
Let t = 53 - 33. Suppose 2*u = -3*i + 33, -2*u + t = 3*u - 5*i. What is the units digit of u?
9
Let m = -14 + 15. What is the units digit of (-1)/((-1)/83*m)?
3
Let t = 97 + -93. Suppose -4*l - 252 = -4*g + 136, 2*l = t*g - 392. What is the units digit of g?
9
Let n = -66 + 0. Let t be 3/6 + (-380)/8. Let u = t - n. What is the units digit of u?
9
Suppose 1 + 19 = -5*g, -3*g + 393 = 5*x. Suppose -4*z + z + x = 0. What is the units digit of z?
7
Suppose 2*x + 4*d + 22 = 0, 0 = x - d - 2*d - 9. What is the units digit of (-892)/6*-1 - (-2)/x?
8
Suppose 0 = 6*t - 318 - 336. Let g = t - 70. What is the units digit of g?
9
Suppose -p - o = -75, -5*p + 318 = -o - 27. Let y = p - 44. What is the units digit of y?
6
Let y(p) = 5*p**2. Let d be y(-2). Let b be (-24)/d*10/(-4). Suppose b*u + 2*u - 120 = 0. What is the tens digit of u?
2
Let h be (-1 - -3) + 0 + 2. Suppose 0 = h*r - 3*r + 9. What is the tens digit of (-30)/(-2)